, 13
Suppose n = 4*h - 2*n - 731, -2*h + 355 = -5*n. What are the prime factors of h?
5, 37
Let p be (-3 + 3)*(-1 - 0). Let d be 1 - p - (-2)/2. Suppose -4*k + 16 = -d*k. What are the prime factors of k?
2
Let b(j) = -15*j + 28. What are the prime factors of b(-6)?
2, 59
Let y(l) = -l**3 - 8*l**2 + l + 10. Let d be y(-8). List the prime factors of (6 + 4)*d/4.
5
Let h = 15 - 12. What are the prime factors of (17/h)/(2/12)?
2, 17
Let s = 8 - 6. List the prime factors of 100/s*5/10.
5
Suppose -21*j = -19*j - 72. What are the prime factors of j?
2, 3
Suppose 46 = -5*z + 16. Let o(w) = -6*w**2 + 0 - 7*w + 1 - w**3 - w**2. What are the prime factors of o(z)?
7
Suppose 0*j = j - 7. Suppose 3 + j = h. What are the prime factors of h?
2, 5
Suppose 2*q = 15 + 1. Suppose k + k - q = 2*t, -3*t - 20 = -5*k. What are the prime factors of k?
2
Let p(g) = -7*g - 15. Suppose z = -5*q - 107, 2*q + 25 = q + z. Let b(v) = 2*v + 4. Let t(m) = q*b(m) - 6*p(m). List the prime factors of t(-8).
2, 3
What are the prime factors of (88/(-8))/1*-1*3?
3, 11
Let m(z) = -2*z - 7. Let i be m(-5). Let x be ((-2)/(-3))/((-6)/(-153)). Suppose 2*t = -h + x, 0 = -i*h + h + 2*t + 10. List the prime factors of h.
3
Let l be (1 + (-9)/(-6))*2. Suppose -l*x + 47 + 78 = 0. What are the prime factors of x?
5
Suppose -f - f + 12 = 0. List the prime factors of f.
2, 3
Let m be 46 - (-4)/(6/(-3)). Suppose 33 + m = 5*l + 3*o, 0 = 2*l - 2*o - 34. What are the prime factors of l?
2
Let k = -6 - -9. What are the prime factors of k?
3
Suppose -2*i - 4*b - 20 = b, -8 = -5*i + 2*b. List the prime factors of 15 + -1 + (-1 - i).
13
Let n(b) = -25*b**3 + 2*b**2 - 1. List the prime factors of n(-1).
2, 13
Let i = 32 - 10. What are the prime factors of i?
2, 11
Let t be (-1 - 4)*(-6)/(-10). Suppose 3*i - 52 = -2*n, -2*i = 5*n - 0*i - 152. What are the prime factors of 4/12 - n/t?
11
List the prime factors of (-8)/(-20) - 336/(-10).
2, 17
Suppose 22 = -0*m + m. Suppose -2*f - 3*a - 2*a = -20, -4*f = a - m. List the prime factors of f.
5
Let j = 45 + -27. Suppose 10 = 2*p - j. What are the prime factors of p?
2, 7
Let r(a) = a**3 - 4*a**2 - 6*a + 3. Let x be r(5). Let k be (0/3)/(-3) - x. Suppose -2*p = o - 25, 3*p + 6*o = k*o + 25. List the prime factors of p.
3, 5
Suppose 4*w = -2 - 6, 2*f + 4*w = 18. Suppose -s - f = -2*s. List the prime factors of s.
13
Suppose j = 3*j - 56. Suppose -3 = 3*p, 3*s = p + 3*p + j. Suppose 0 = -3*c + s*c - 65. List the prime factors of c.
13
Let c = -148 - -213. What are the prime factors of c?
5, 13
Let g be (-2)/(-6)*(5 + -2). Let y = g - -1. List the prime factors of y.
2
List the prime factors of (7/(-4) - -1) + (-790)/(-8).
2, 7
Suppose 0*q = 5*q + 2*w + 53, -q = 5*w + 29. Let p = 19 + q. Let s = 16 - p. List the prime factors of s.
2, 3
Let v = -14 - -42. What are the prime factors of v?
2, 7
Suppose 3*u = -4*n + 5 + 8, n - 1 = 0. List the prime factors of u.
3
Let t be -1*(0 - -4)*-3. List the prime factors of 255/t + 1/(-4).
3, 7
Let x be 6 - (0/(-2) - 0). Let m = 0 + -2. Let z = x + m. List the prime factors of z.
2
Let p = 0 + 17. List the prime factors of p.
17
Let v = 0 - -1. Let c be -1*(v - 3) + 1. Suppose -3*o = -5*q + 55, c*o + 21 + 12 = 3*q. What are the prime factors of q?
11
Let o be (0 - 1)*(-95 - -1). Suppose 5*k + o = r + r, 5*r - 204 = -3*k. Suppose 0 = 2*w + m - 3*m - 6, 4*w + 2*m = r. List the prime factors of w.
2
What are the prime factors of 1/(4563/912 + -5)?
2, 19
Suppose 3*u + 229 = 5*t, t - 37 - 13 = 2*u. List the prime factors of t.
2, 11
Let l(k) be the first derivative of 10*k**2 - k + 2. Let h be l(1). Suppose -2*s - h = -a - 5*s, 5*a = -s + 53. What are the prime factors of a?
2, 5
Let d = 124 - 43. What are the prime factors of d?
3
Let b be (-4)/(-4) + 0 + 4. Suppose -2*k - 93 = -b*k. What are the prime factors of k?
31
Suppose -2*t + 2*z + 6 = 0, t = -0*t - z + 1. Let v(s) = -2 + 5*s - 2*s - 2*s - t*s**2 - 3*s**3. What are the prime factors of v(-2)?
2, 3
Let j(v) = v - 8. Let h be j(12). Let c be 0*((-14)/h)/7. Suppose 3*b - b - 10 = c. List the prime factors of b.
5
Let v(j) = j + 2. Let p(w) = 2*w + 4. Let n(u) = -4*p(u) + 7*v(u). List the prime factors of n(-7).
5
Let l(q) = -40*q - 10. List the prime factors of l(-4).
2, 3, 5
What are the prime factors of (-4)/6*(-180)/5?
2, 3
Let q(f) = -f**3 - 3*f**2 - 2*f - 6. Suppose 3 = 2*t - 3*w, -2*t + 5*w - 2 = -7. Let l be -1 - 6/(t - -2). What are the prime factors of q(l)?
2, 3
Let p = -3 + 7. Let x = 1 + 16. Suppose -y = 4*r - 49, -p*y + y + x = 2*r. What are the prime factors of r?
13
Suppose -6 + 156 = -5*i. Let v be 2/8 + i/(-8). List the prime factors of (-4)/8 - (-26)/v.
2, 3
Suppose -2*o + 5*o = -5*c + 1637, -c = -5*o - 333. What are the prime factors of c?
2, 41
Suppose 3*w - 13 = -j - 0, 2*j = 2*w - 14. Let u(q) = q + 1. Let l be u(w). Suppose 0*p + 3*p = l. List the prime factors of p.
2
Let a(b) = -2*b**3 - 3*b**2 + 4*b - 5. List the prime factors of a(-4).
59
Suppose 2*h + 3*h + i = -49, 0 = 5*h - 3*i + 53. Let l = 18 + h. List the prime factors of l.
2
Let t(f) be the first derivative of 2/3*f**3 - 3/2*f**2 + 2*f + 2. What are the prime factors of t(2)?
2
Let j(z) = -7*z**3 + z - 2. What are the prime factors of j(-2)?
2, 13
Suppose 4*x - 4 = 4. Let f = -19 + 41. Suppose 2*y + 0*y + x*r - f = 0, -4*r = 5*y - 50. List the prime factors of y.
2, 3
Suppose -d + 378 = 5*b - 4*b, -4*d - 5*b = -1513. List the prime factors of d.
13, 29
Let d(y) = 5*y + 6. Let a(q) = -4*q - 5. Let o(m) = 4*a(m) + 3*d(m). Let x be o(-7). Let f(r) = 2*r - 1. What are the prime factors of f(x)?
3
Suppose -r + 14 + 57 = 0. List the prime factors of r.
71
Let p(i) = 6*i - 8. Let s be p(7). Suppose 0*h = 4*b + 5*h - s, 4*b - 14 = 5*h. What are the prime factors of b?
2, 3
Let x = 62 + -5. What are the prime factors of x?
3, 19
List the prime factors of (53 - 13) + (3 - 0).
43
Let s(d) = -d**3 - 10*d**2 - 8*d + 2. Let a(j) = -2*j**3 - 21*j**2 - 16*j + 5. Let b(v) = 2*a(v) - 5*s(v). List the prime factors of b(-6).
2, 3
Let u = -53 - -125. Suppose 4*j = u - 8. List the prime factors of j.
2
Suppose j = -5*o - 4*j + 1430, 0 = -o + 3*j + 274. What are the prime factors of o?
283
Suppose -2*u - 84 = -2*z, -4*u + 64 = 2*z - 2*u. What are the prime factors of z?
37
Let h(p) = p**3 - 11*p**2 + 13*p + 8. What are the prime factors of h(10)?
2, 19
Let x = 21 + 33. Suppose 21 = 5*s - x. What are the prime factors of s?
3, 5
Suppose 3*v + 15 = 8*v. Let t be -1*v - 22/(-2). Let b = t - -4. List the prime factors of b.
2, 3
Let x = 10 - 5. Let h = x - 2. List the prime factors of h.
3
Let n = -11 - 6. Let k = 33 + n. What are the prime factors of k?
2
Let j = -18 - -33. List the prime factors of j.
3, 5
Let j = -13 + 54. List the prime factors of j.
41
Let v = 30 + -9. What are the prime factors of v?
3, 7
Let t = 3 - 31. Let u = -13 - t. What are the prime factors of u?
3, 5
Suppose 6*b + 276 - 1044 = 0. What are the prime factors of b?
2
Let c(l) = l - 3. Let x(w) = 2*w - 4. Let j(q) = 8*c(q) - 5*x(q). What are the prime factors of j(-4)?
2
Suppose 6*d - d = -3*z - 4, 0 = 5*z + 3*d - 4. Suppose -42 = -b - z*b. What are the prime factors of b?
2, 7
Let a = -6 + 4. Let q = 5 - a. List the prime factors of q.
7
Let c be (4 - 5)/(2/(-8)). Suppose 4*a = -2*k - 2, 29 = c*a - 2*k + 11. Let l(x) = 3*x**2 + 2. List the prime factors of l(a).
2, 7
Let x(v) = -3*v - 6. What are the prime factors of x(-6)?
2, 3
Let y(q) = -2*q + 4. List the prime factors of y(-11).
2, 13
Suppose 2*i - 5*f = 3*i - 71, -2*i + 5*f + 142 = 0. List the prime factors of i.
71
Suppose -4*r - 26 = 2. Let u = r - 1. What are the prime factors of (1/(-4) + -1)*u?
2, 5
Suppose 77 = 5*f - 3*f - p, 2*p - 46 = -f. Suppose -2*w + 4*o + 20 = -f, -3*w + o = -80. List the prime factors of w.
2, 13
Suppose 0 = -2*y + 11 + 13. List the prime factors of 67/4 + 3/y.
17
Suppose -24*b + 1744 = -20*b. List the prime factors of b.
2, 109
Let h = -29 + 17. Let x = h - -23. List the prime factors of x.
11
Suppose -b - 2*y = 4 + 3, -17 = 2*b + 5*y. What are the prime factors of (-4 + -11)/(b - 0)?
3, 5
Let z(h) = 3*h**2 + 1. Let w be z(1). Suppose -t - w = -2*t. Let i = t + 0. What are the prime factors of i?
2
Let a = 349 + -208. What are the prime factors of